{"id":5574,"date":"2016-12-03T15:44:41","date_gmt":"2016-12-03T15:44:41","guid":{"rendered":"http:\/\/demo.wpzoom.com\/inspiro\/?page_id=5574"},"modified":"2024-04-28T07:17:18","modified_gmt":"2024-04-28T07:17:18","slug":"services","status":"publish","type":"page","link":"https:\/\/www.baufirmakabai.de\/?page_id=5574","title":{"rendered":"Impressum"},"content":{"rendered":"\n<div class=\"wp-block-group alignfull has-text-color has-link-color wp-elements-4f9e498c046473092d62c63ad3f8742c has-global-padding is-layout-constrained wp-block-group-is-layout-constrained\" style=\"color:#000000\">\n<div class=\"wp-block-columns is-layout-flex wp-container-core-columns-is-layout-28f84493 wp-block-columns-is-layout-flex\">\n<div class=\"wp-block-column is-layout-flow wp-block-column-is-layout-flow\">\n<div style=\"height:155px\" aria-hidden=\"true\" class=\"wp-block-spacer\"><\/div>\n\n\n\n<h3 class=\"wp-block-heading has-text-align-center\"><strong>Roland Kabai und Kollegen<\/strong><\/h3>\n\n\n\n<p class=\"has-text-align-center\">Otto Schneider Stra\u00dfe 28<br>55469 Mutterschied<br>Telefon: 01573 1986908<br>E-Mail: info@baufirmakabai.de<br>Umsatzsteuer-ID: 40 \/ 079 \/ 30159<\/p>\n\n\n\n<p class=\"has-text-align-center\"><\/p>\n\n\n\n<h3 class=\"wp-block-heading\">Haftungsausschlu\u00df<\/h3>\n\n\n\n<p><strong>1. Inhalt des Onlineangebotes<\/strong><br>Der Autor \u00fcbernimmt keine Gew\u00e4hr f\u00fcr die Aktualit\u00e4t, Korrektheit und Vollst\u00e4ndigkeit der auf diesen Seiten bereitgestellten Informationen. Grunds\u00e4tzlich ausgeschlossen werden Haftungsanspr\u00fcche gegen den Autor dieser Seite, die sich auf Sch\u00e4den materieller oder ideeller Art beziehen und durch die Nutzung oder Nichtnutzung der bereitgestellten Informationen bzw. falscher und unvollst\u00e4ndiger Informationen verursacht worden sind, sofern von Seiten des Autors kein nachweisbares vors\u00e4tzliches oder grob fahrl\u00e4ssiges Verschulden vorliegt.<br><br>Alle Angebote sind frei und unverbindlich. Der Autor beh\u00e4lt sich ausdr\u00fccklich vor, Teile seiner Seiten oder das gesamte Angebot ohne besondere Ank\u00fcndigung zu \u00e4ndern, zu erg\u00e4nzen, zu entfernen oder die Ver\u00f6ffentlichung zeitweise oder ganz einzustellen.<br><br><strong>2. Verweise und Hyperlinks<\/strong><br>Eine Haftungsverpflichtung bei direkten oder indirekten Verweisen auf fremde Internetseiten (&#8220;Links&#8221;), die nicht im Verantwortungs bereich des Autors liegen, w\u00fcrde ausschlie\u00dflich in Kraft treten, wenn der Autor Kenntnis von den Inhalten hat und es technisch realisierbar und zumutbar w\u00e4re, die Nutzung im Falle von rechts widrigen Inhalten zu verhindern. Hiermit wird ausdr\u00fccklich vom Autor erkl\u00e4rt, dass zum Zeitpunkt der Linksetzung auf den zu verlinkenden Seiten keinerlei illegale Inhalte erkennbar waren. Der Autor verf\u00fcgt \u00fcber keinerlei Einfluss auf das aktuelle oder zuk\u00fcnftige Design, die dargestellten Inhalte oder die Urheberschaft der verlinkten Seiten. Aus diesem Grund distanziert sich der Autor von jeglichen Inhalten der verlinkten Seiten, die nach der Linksetzung ver\u00e4ndert wurden. Diese Aussage beh\u00e4lt ihre G\u00fcltigkeit f\u00fcr alle innerhalb des eigenen Internetangebotes gesetzten Links und Verweise sowie f\u00fcr externe Eintr\u00e4ge in vom Autor eingerichteten G\u00e4steb\u00fcchern und Mailinglisten. F\u00fcr alle illegalen, falschen oder nicht vollst\u00e4ndigen Inhalte und besonders f\u00fcr m\u00f6gliche Sch\u00e4den, die nach der Nutzung oder Nichtnutzung derlei angebotener Informationen entstehen, liegt die Haftung allein beim Anbieter der Seite, auf die verwiesen wurde.<br><br><strong>3. Urheber- und Kennzeichenrecht<\/strong><br>Der Autor achtet darauf, dass in allen Ver\u00f6ffentlichungen, die Urheberrechte der verwendeten Bilder, Sounds, Videoszenen und Texte beachtet werden, selbst erstellte Bilder, Sounds, Videoszenen und Texte genutzt werden oder dass auf lizenzfreie Bilder, Sounds, Videoszenen<br>und Texte zur\u00fcck gegriffen wird. Werden innerhalb des Internetangebotes gesch\u00fctzte Marken und Warenzeichen genutzt oder ggf. durch Dritte genannt, unterliegen diese ohne Ausnahme den Bestimmungen des jeweils g\u00fcltigen Kennzeichenrechts und den Besitzrechten der jeweiligen eingetragenen Eigent\u00fcmer. Aufgrund der alleinigen Nennung kann nicht der Schluss gezogen werden, dass diese Markenzeichen nicht durch die Rechte Dritter gesch\u00fctzt werden! Das Urheberrecht f\u00fcr ver\u00f6ffentlichte und selbst erarbeitete Objekte bleibt allein beim Autor der Seite..<br>Die Vervielf\u00e4ltigung und die Verwendung dieser Bilder, Sounds, Videoszenen und Texte in anderen elektronischen oder gedruckten Publikationen ist ohne die ausdr\u00fcckliche Zustimmung des Autors nicht gestattet.<br><br><strong>4. Datenschutz<\/strong><br>Werden innerhalb des Onlineangebotes M\u00f6glichkeiten angeboten, pers\u00f6nliche oder gesch\u00e4ftliche Daten (Emailadressen, Namen, Anschriften) einzugeben, so erfolgt dies ausdr\u00fccklich auf<br>freiwilliger Basis seitens des Nutzers.<br><br><strong>5. Rechtswirksamkeit dieses Haftungsausschlusses<\/strong><br>Es gilt: Dieser Haftungsausschluss ist als Teil des Onlineangebotes zu betrachten. Sollten einzelne Abschnitte oder Formulierungen dieses Textes nicht mehr der geltenden Rechtslage entsprechen oder unvollst\u00e4ndig sein, bleiben alle anderen Teile des Dokumentes hinsichtlich ihres Inhalts und ihrer G\u00fcltigkeit unber\u00fchrt.<\/p>\n\n\n\n<div style=\"height:100px\" aria-hidden=\"true\" class=\"wp-block-spacer\"><\/div>\n<\/div>\n<\/div>\n<\/div>\n","protected":false},"excerpt":{"rendered":"<p>Roland Kabai und Kollegen Otto Schneider Stra\u00dfe 2855469 MutterschiedTelefon: 01573 1986908E-Mail: info@baufirmakabai.deUmsatzsteuer-ID: 40 \/ 079 \/ 30159 Haftungsausschlu\u00df 1. Inhalt des OnlineangebotesDer Autor \u00fcbernimmt keine Gew\u00e4hr f\u00fcr die Aktualit\u00e4t, Korrektheit und Vollst\u00e4ndigkeit der auf diesen Seiten bereitgestellten Informationen. Grunds\u00e4tzlich ausgeschlossen werden Haftungsanspr\u00fcche gegen den Autor dieser Seite, die sich auf Sch\u00e4den materieller oder ideeller Art &hellip; <\/p>\n<p class=\"link-more\"><a href=\"https:\/\/www.baufirmakabai.de\/?page_id=5574\" class=\"more-link\">Read more<span class=\"screen-reader-text\"> &#8220;Impressum&#8221;<\/span><\/a><\/p>\n","protected":false},"author":1,"featured_media":0,"parent":0,"menu_order":0,"comment_status":"closed","ping_status":"closed","template":"page-templates\/full-width-no-title.php","meta":{"om_disable_all_campaigns":false,"_monsterinsights_skip_tracking":false,"_monsterinsights_sitenote_active":false,"_monsterinsights_sitenote_note":"","_monsterinsights_sitenote_category":0,"inspiro_hide_title":false,"footnotes":""},"class_list":["post-5574","page","type-page","status-publish","hentry"],"aioseo_notices":[],"featured_media_urls":[],"_links":{"self":[{"href":"https:\/\/www.baufirmakabai.de\/index.php?rest_route=\/wp\/v2\/pages\/5574","targetHints":{"allow":["GET"]}}],"collection":[{"href":"https:\/\/www.baufirmakabai.de\/index.php?rest_route=\/wp\/v2\/pages"}],"about":[{"href":"https:\/\/www.baufirmakabai.de\/index.php?rest_route=\/wp\/v2\/types\/page"}],"author":[{"embeddable":true,"href":"https:\/\/www.baufirmakabai.de\/index.php?rest_route=\/wp\/v2\/users\/1"}],"replies":[{"embeddable":true,"href":"https:\/\/www.baufirmakabai.de\/index.php?rest_route=%2Fwp%2Fv2%2Fcomments&post=5574"}],"version-history":[{"count":7,"href":"https:\/\/www.baufirmakabai.de\/index.php?rest_route=\/wp\/v2\/pages\/5574\/revisions"}],"predecessor-version":[{"id":7438,"href":"https:\/\/www.baufirmakabai.de\/index.php?rest_route=\/wp\/v2\/pages\/5574\/revisions\/7438"}],"wp:attachment":[{"href":"https:\/\/www.baufirmakabai.de\/index.php?rest_route=%2Fwp%2Fv2%2Fmedia&parent=5574"}],"curies":[{"name":"wp","href":"https:\/\/api.w.org\/{rel}","templated":true}]}}